mainder when 62 is divided by 2*(-1)/(-2) - -35?
26
What is the remainder when 56 is divided by (-1)/(-2) - 74/(-4)?
18
Suppose 0 = -47*g + 4268 + 573. Calculate the remainder when g is divided by 19.
8
Suppose 3*u = 7*u - 5*s - 96, 3*u + 4*s = 72. Suppose -j + 18 = 3. Calculate the remainder when ((-18)/j)/((-4)/310) is divided by u.
21
Let t be 5/(-20) - 26/(-8). Suppose -t*o = 3*h + 2*o - 111, 2*h = 5*o + 74. What is the remainder when 184 is divided by h?
36
Let t = 1211 + -925. What is the remainder when t is divided by 74?
64
Suppose -5 = -5*i, 1 - 7 = -z - i. Suppose 5*k + z*v = 100, 38 - 6 = 3*k - 4*v. Calculate the remainder when 1 - -65 - (2 - -1) is divided by k.
15
Let m(y) = -y**3 + 3*y**2 - 4. Let v be m(-2). What is the remainder when (v/5 + -2)/(9/330) is divided by 23?
21
Let b be 4 + -2 + 2 + -1. Suppose -3*k - 4*c = -13 - 18, 4 = -2*c. Suppose s + b = k. What is the remainder when 28 is divided by s?
8
What is the remainder when 736 is divided by (-1 - 5)*(-697)/34?
121
Let w = 1696 - 1671. What is the remainder when 96 is divided by w?
21
Suppose -5*w = 2*o - 195 + 32, -5*w + 143 = -3*o. Let k = 13 - w. Calculate the remainder when 34 is divided by 2/(16/k)*-8.
16
Let f = 4 - -14. Suppose 5 + 59 = -4*j. Let t = -6 - j. Calculate the remainder when f is divided by t.
8
Let s = 784 + -657. Suppose -29 = -p - 2*a, 4*a + 173 = 6*p - p. What is the remainder when s is divided by p?
28
Let q(b) = b**2 + 5*b - 9. Let r be q(-7). Suppose -r*v = v + 12. Calculate the remainder when v/7 + 998/14 is divided by 18.
17
Let v(m) be the first derivative of -m**4/4 - 20*m**3/3 + 19*m**2/2 - 24*m - 27. What is the remainder when 160 is divided by v(-21)?
16
Let m = -2 + 5. Suppose -3*q + m*p = -408, 3*q + p - 329 = 59. Let u = -69 + q. Calculate the remainder when u is divided by 16.
14
Calculate the remainder when 115 is divided by 567/(-63) + 0 + 63.
7
Let a(m) = -7*m - 26. Let j be 1*(0 - (0 + 0)). Suppose j = 2*h - 4*u - 22, 4*h - 3*u = u + 28. What is the remainder when h is divided by a(-4)?
1
Let v(r) = 7*r**2 + r**3 + 0 + 3 + 4*r + r. Suppose 4*l - 2*n + 4 = 2, -4*l + 8 = -4*n. What is the remainder when v(l) is divided by 13?
11
Let f be (-12)/16 + (-12)/(-16). Suppose 5*n + 4*o - o = 70, f = -5*n - o + 60. What is the remainder when n is divided by 5?
1
Let l = 30 + -28. Suppose -5*f + 36 = 3*v - 63, -l*f = -3*v + 78. What is the remainder when 53 is divided by v?
25
Suppose 25*r - 28*r = -267. What is the remainder when r is divided by 42?
5
Suppose -3450 = -27*k + 4*k. What is the remainder when k is divided by 28?
10
Suppose 4*q - 52 = -4. Suppose 3*y - 144 = f, -3*y + 5*y + 5*f - 79 = 0. Calculate the remainder when y is divided by q.
11
Let n = -320 + 351. Calculate the remainder when n is divided by 17.
14
Let v = 12 + -9. Let z be 17 - ((-3)/(-1) - v). Let x = z - 7. Calculate the remainder when x is divided by 3.
1
Suppose -4*o = -2*v - o + 7, -2*o = -2. Suppose 4*f = v*f - 83. Let h = 3 + 11. What is the remainder when f is divided by h?
13
Let b(x) = x**3 + 9*x**2 + 8*x. Calculate the remainder when b(-6) is divided by -13 + 11 + -5 - -29.
16
What is the remainder when 228/(-14)*-7*(-6)/(-9) is divided by 55?
21
Let t be ((-15)/4)/(2/8). Let w = 19 + t. Suppose -3*g = 5*q + g - 39, 5*q - w*g = 31. Calculate the remainder when q is divided by 3.
1
Suppose -2*g = -160*i + 158*i - 130, 2*i = g - 64. Calculate the remainder when 224 is divided by g.
26
Let i = -1025 + 1071. Calculate the remainder when 825 is divided by i.
43
Suppose 54 = 6*r + 12. Suppose -u + 42 = -r*u. What is the remainder when 9 is divided by 2/(u/2 - -4)?
1
Let b(g) = -9*g - 45. Suppose -3*x = -6*x - 4*w - 40, 2*x + 12 = w. Calculate the remainder when b(x) is divided by 11.
5
Let x be -18 + 16 + 11 + -1 + 0. Calculate the remainder when 11 is divided by 10*(0 - x/(-20)).
3
Suppose -3*n = -4*t - 814, -2*n - t = -151 - 410. Suppose 0 = 5*c - 0*c - 140. What is the remainder when n is divided by c?
26
Let u(z) = 3*z - 24. Let m be u(8). Let k = m - -15. What is the remainder when 43 is divided by k?
13
Let x(w) = w**2 - 15*w + 16. Let i = -22 - -36. What is the remainder when 8 is divided by x(i)?
0
Let b(o) = -o**2 - 13*o + 113. Calculate the remainder when b(-10) is divided by 30.
23
Suppose 8*z - 13*z - 15 = 0. What is the remainder when z + (4 - 4) - -51 is divided by 17?
14
Let k(a) = 48*a**2 + 4*a + 3. Suppose 11*j + 5 = 6*j. What is the remainder when k(j) is divided by 17?
13
Let h = 7 + 0. Suppose 3*p - 156 = -10*p. What is the remainder when p is divided by h?
5
Calculate the remainder when -122 + 111 - (-216 + -1) is divided by 15.
11
Suppose 0 = -16*t + 7*t + 459. Calculate the remainder when t is divided by 13.
12
Suppose 3*h - 2*w - 8 = 0, 2*w = -2*h + 7*w + 9. Suppose h*p - 164 + 40 = 0. Calculate the remainder when p is divided by 24.
14
Let f be (0/(-2))/(3 + -5). Suppose -5*y - 140 = -5*t, t - 4*y - 3 - 16 = f. Calculate the remainder when t is divided by 16.
15
Let b = -76 + 76. Calculate the remainder when 2*((-23)/(-2) - (-3 + b)) is divided by 19.
10
Suppose j - 12 = d, -2*d + 9 - 7 = 0. Suppose -r - 2 = -2*r. Suppose 28 = 6*z - r*z. Calculate the remainder when j is divided by z.
6
Suppose 3*c - 4*t - 779 = 0, 7*c + t + 1017 = 11*c. What is the remainder when c is divided by 92?
69
Suppose 57*u + 670 = 67*u. What is the remainder when u is divided by 9?
4
Let y(h) = h**3 - 3*h**2 - 2*h - 2. Let f be y(4). Let l(z) = z**3 - 4*z**2 - 7*z - 13. Calculate the remainder when l(f) is divided by 10.
7
Let r(y) = 11*y + 1 + y - 2. Suppose 3*h + z = 128, -h + z + 12 = -24. What is the remainder when h is divided by r(1)?
8
Suppose k = -0*k + 10. Let i(u) = 2*u**3 - 2*u**2 + 4*u - 2. Let y be i(2). Calculate the remainder when 654/y + (-8)/(-28) is divided by k.
7
Let u be (-18)/(-12) + 6/(-4). Suppose u*n = n - 67. Let c(b) = -17*b**3 - b**2 + 1. What is the remainder when n is divided by c(-1)?
16
What is the remainder when (-28)/(-6) - 5/(-15) is divided by (1 - 2)*-3*(-1 - -2)?
2
What is the remainder when 1398 is divided by -4*(-4 + 6)*60/(-48)?
8
Let x(q) = -5*q**3 - 8*q**2 - 10*q. What is the remainder when 34 is divided by x(-1)?
6
Suppose 0 = o - 3 - 75. Suppose f - o = -f. Suppose -40 = -144*k + 140*k. What is the remainder when f is divided by k?
9
Let u(j) = -j**2 - 23*j + 41*j + 9 - 27*j. What is the remainder when 29 is divided by u(-9)?
2
Suppose 0 = k - 3*l - 70, 2*k - 273 = -2*k + 5*l. Suppose -6*t + 175 = -11. Let y = 48 - t. Calculate the remainder when k is divided by y.
16
Let y = 859 - 750. What is the remainder when y is divided by 36?
1
Let x(o) = -8*o - 277. Calculate the remainder when 1177 is divided by x(-42).
56
Suppose -23*k + 471 + 610 = 0. Calculate the remainder when 108 is divided by k.
14
Suppose d + 4*n = 52, -3*n - 74 = -2*d - 5*n. Let g = -6 + d. What is the remainder when g is divided by 17?
9
Let c = -198 + 281. Let b = 147 - c. Let x = 29 - 7. Calculate the remainder when b is divided by x.
20
Let n be (-450)/12*(-8)/(-10). Let c = 108 + n. Suppose -7*u - c = -9*u. What is the remainder when u is divided by 8?
7
Let y = -28 + 30. Suppose -237 = -4*i + 4*f + 111, -y*f - 4 = 0. Calculate the remainder when i is divided by 22.
19
Let m = -331 - -1297. Calculate the remainder when m is divided by 44.
42
Suppose -58*k + 57*k = -46. Suppose -k*a + 51*a = 45. Calculate the remainder when 35 is divided by a.
8
Suppose -5 = -7*q + 6*q. Let d be q + (0 - -1) + -2. Calculate the remainder when d + (0 - 2) - -34 is divided by 13.
10
Let z = 47 - 92. Let h = 127 + z. Calculate the remainder when h is divided by 17.
14
Let d be -5*(0 - 16/10). Suppose 4*j = 14*j - 20 - 10. What is the remainder when 11*(-2)/d*-4 is divided by j?
2
Suppose 13 - 5 = 4*t. Let v = 2 + t. Let g(k) = -k**3 - 9*k**2 + 9. Calculate the remainder when g(-9) is divided by v.
1
Let z(i) = -i + 9. Let o be z(11). Let j = o - -8. What is the remainder when 3/1 - (-216)/j is divided by 14?
11
Let f be ((-175)/(-5))/(1 - 0). Let h = 48 - f. Calculate the remainder when 63 is divided by h.
11
Let x = -916 - -1101. What is the remainder when x is divided by 27?
23
Let s(m) = -4*m - 53. Let y be s(-28). Suppose 2*d + 2*j = 61 + y, 2*d - 120 = 4